t p be w(-23). What is the highest common factor of p and 15?
15
Suppose 1170 = -40*m + 49*m. Calculate the greatest common factor of m and 78.
26
Let w(o) = -7*o - 24. Let x be w(-4). Suppose 0 = x*b - 9*c + 4*c - 280, 0 = -4*c. What is the greatest common divisor of 10 and b?
10
Suppose 0 = 2*p - 5*p - h + 43, 4*p - 4*h = 68. What is the greatest common divisor of 195 and p?
15
Let u = -316 + 322. Calculate the greatest common factor of 174 and u.
6
Let c(x) = 2*x**2 + 6*x - 4. Let j be c(-5). Suppose -j = -v + 33. Suppose -18 = -8*a + 38. Calculate the highest common factor of a and v.
7
Let o(k) = 6*k**3 + k**2 - k - 2. Let a be o(2). Let b(y) = -2*y**2 - 95*y + 16. Let p be b(0). Calculate the highest common divisor of a and p.
16
Suppose y - 3*f - 12 = 0, 4*f - 15 = 5*y - 42. Calculate the highest common divisor of 16 and y.
1
Suppose p = -5*o + 2 + 44, p - 3*o - 78 = 0. What is the greatest common divisor of p and 99?
33
Let y = -436 - -450. Calculate the greatest common factor of 154 and y.
14
Let o = -85 + 89. What is the greatest common factor of 14 and o?
2
Let g be (-116)/(-10) + 2 + (-2)/(-5). Suppose -4*n + g = 5*y - 22, n = y - 9. Calculate the greatest common divisor of 2 and y.
2
Let r(s) = -2*s**2 - 47*s + 63. Let n be r(-24). Suppose 3*w = 3*o - 483, 4*w - 755 = -5*o - w. What is the greatest common factor of n and o?
39
Let c = -386 + 476. What is the greatest common divisor of 135 and c?
45
Let v = 46 + -24. Let z be 189/11 - 4/v. Let b = z - 12. What is the greatest common divisor of b and 20?
5
Let f be 400 + (-5)/25 + 26/5. What is the greatest common factor of f and 15?
15
Suppose 14*y + 468 = 16*y. What is the highest common divisor of 18 and y?
18
Suppose 3*z + 19 - 25 = 0. Suppose 10*y - 13 = 7*y - 5*m, 4*y - 22 = -z*m. Calculate the greatest common factor of 21 and y.
3
Suppose -2*f - 189 + 59 = -5*w, 3*f - 130 = -5*w. What is the highest common factor of w and 208?
26
Suppose 14*f - 19*f + 1880 = -5*u, -2*f - u = -764. What is the highest common divisor of f and 76?
76
Let s(x) = 247*x**2 + 7*x + 5. Let c be s(-2). What is the greatest common factor of 89 and c?
89
Suppose 0 = -2*l - 68 + 142. What is the highest common factor of l and 185?
37
Suppose -3*n = 15 - 36. Let p(z) = -z**2 - 14*z + 14. Let b be p(-7). What is the highest common factor of n and b?
7
Let h = 190 + -189. What is the greatest common divisor of 36 and h?
1
Suppose -f - f + 57 = -5*g, -f = 3*g + 43. Let a = -11 - g. Suppose -h + a*x = -121, -4*x + 6 = 2*h - 252. Calculate the highest common divisor of 50 and h.
25
Suppose 5*y + 9*q - 480 = 4*q, -192 = -2*y - 4*q. What is the greatest common divisor of y and 48?
48
Let k be 18990/(-24) - (-9)/(-12). Let s be 4/(-7) + k/(-63). Calculate the greatest common divisor of 30 and s.
6
Let s = -5680 - -5734. Suppose 5*r - r - 44 = -2*a, -64 = -5*r + 2*a. What is the greatest common factor of s and r?
6
Let d(c) = 4*c - 38. Let i be d(11). Let k(x) = 11*x**2 + 4*x + 3. Let l be k(-3). What is the highest common divisor of l and i?
6
Suppose 3*r - 61 = 11. Let j = r + -21. Let w be (j + -1)/(1/5). What is the highest common factor of 110 and w?
10
Let c(n) = n**3 + 2*n**2 - 2*n. Let t be (-132)/55 + (-3)/5. Let a be c(t). Let x be (-3*1)/(a/10). What is the highest common divisor of x and 4?
2
Let v be (-6)/8 + 134/8. Suppose -9*o = -52 + 16. Calculate the greatest common factor of v and o.
4
Let s = -672 + 817. What is the greatest common factor of 87 and s?
29
Let f = 113 + -69. What is the greatest common factor of 110 and f?
22
Let u(s) = 2*s**2 + 5*s + 2. Let t be u(-3). Suppose -94 = -t*n - 14. Calculate the greatest common divisor of n and 40.
8
Suppose -5*r + 2*x = -39, -4*r + 0*r + 2*x = -30. Calculate the highest common factor of r and 48.
3
Let v(d) = 2*d**3 - 12*d**2 - 26*d + 8. Let l be v(9). What is the highest common divisor of l and 20?
20
Let h be (11/(-2) + 3)*9960/(-75). Calculate the greatest common factor of 1826 and h.
166
Let o = -3 + 15. Let u = 88 - 84. What is the greatest common factor of u and o?
4
Suppose -3*p + 54 = 12. Calculate the highest common factor of p and 56.
14
Suppose 4*z = 2*z + 30. Let w = 0 + z. Suppose 115 - 445 = -2*t. Calculate the greatest common factor of w and t.
15
Suppose 2*d + 13*s - 268 = 9*s, 0 = d - 5*s - 155. What is the greatest common divisor of d and 315?
35
Let h(w) = 3*w**2 - 2*w + 1. Let x be h(1). Let k(c) = 2 + c**x - 1 + c - 2. Let i be k(-2). Calculate the greatest common divisor of 1 and i.
1
Let j = 350 + -315. Calculate the highest common factor of 385 and j.
35
Suppose -2*q = 3*q + 15, -4*o + 32 = -4*q. Suppose -o*y + y = -12. Suppose 25 = -5*h, y*f = -0*f - 5*h + 101. What is the highest common factor of f and 6?
6
Let f = -229 - -240. Calculate the greatest common divisor of 1 and f.
1
Let a be (4/4)/(2/10). Suppose -2*d - 2*d = 0, -d - 175 = -a*s. Suppose -29 = -2*h - 1. Calculate the greatest common factor of h and s.
7
Let f be ((-30)/7 - -1) + 8/28. Let b(r) = 4*r**2 - 3*r - 9. Let m be b(f). Calculate the highest common divisor of m and 54.
18
Let j = 315 + -180. Suppose 6*p = -3*p + j. What is the highest common factor of p and 15?
15
Let y = 48 + -56. Let z be 16 - (y/(-36) + (-2)/9). Calculate the highest common factor of z and 48.
16
Let k be (-15)/(-20) + (2/8)/1. What is the highest common divisor of 1 and k?
1
Suppose -2*q + 278 = -4*a + 22, 2*q - 238 = -2*a. What is the greatest common divisor of 305 and q?
61
Let q = -23 - -27. Let k be (3/(-12)*2)/(q/(-240)). Calculate the greatest common factor of k and 12.
6
Let b = -318 + 378. What is the greatest common divisor of 210 and b?
30
Suppose h + 6 = 3. Let p = h - -20. Suppose p*l = 12*l + 480. What is the highest common factor of 64 and l?
32
Let m(f) = 107 + 9*f - 247 + 6*f**2 + 142 - 4*f**2. Suppose -3*z + 18 = -6*z. Let k be m(z). Calculate the greatest common factor of 20 and k.
20
Suppose 0 = 2*c + 4*u + 34 - 330, -2*u = 3*c - 424. Calculate the highest common factor of c and 46.
46
Suppose 4*u + 3*i = 414, -4*u + 6*u - 198 = 3*i. Suppose -2*l + 0*f + 75 = f, -5*f = 3*l - u. What is the greatest common divisor of l and 26?
13
Let k be -14 - (-1)/(-2)*-6. Let n be (-4)/(-22) + (-2726)/k. Let d = n - 88. Calculate the greatest common divisor of 16 and d.
16
Let w be ((-130)/(-8))/(13/(-4 + 160)). What is the highest common factor of 156 and w?
39
Let y be (6/18)/(2/6). Let s be -2 + (-30)/(-3) + y. Let x be 163/9 - (2934/162 + -18). Calculate the highest common divisor of s and x.
9
Suppose 68 = 6*a + 86. Let w be (4 + -1)/(a - -4). Calculate the highest common factor of w and 21.
3
Let b = 267 - 83. Calculate the highest common factor of b and 138.
46
Suppose 0 = r + 3*g + 8, 5*r - 7*r = -5*g - 28. Suppose -2*m = -5*m + r*l + 138, -5*l = 2*m - 115. What is the highest common divisor of m and 30?
10
Suppose 0 = -10*t + 567 - 87. Calculate the greatest common factor of t and 672.
48
Let m = 236 - 227. Suppose -q + 3 = -c, 0*c + 14 = 2*c + 2*q. Suppose t = 7 + c. Calculate the highest common divisor of t and m.
9
Suppose 559 = 3*y - 233. Let q be 8*((-70)/(-22) + 62/(-341)). What is the highest common factor of q and y?
24
Suppose 2*o + 2*o = f + 46, -5*o + 57 = -f. Suppose 2*m - 8 = 3*g, -6*m + 3*m - g = -1. Let u be (396/16)/(m/4). What is the highest common divisor of u and o?
11
Let s(u) = 12*u**3 + u**2 - 14*u - 15. Let h be s(5). What is the greatest common factor of 90 and h?
90
Let c = -20 - -21. Suppose 4*m = 2*t - 184, 0 = 4*m + c + 3. Let l(g) = -g**2 + 13*g - 12. Let f be l(11). What is the greatest common divisor of f and t?
10
Let b be 3 + (-5 - (-1 - 4)). Calculate the highest common factor of b and 8.
1
Let g be (-224)/(-21)*(192/(-2))/(-4). What is the highest common factor of g and 80?
16
Let p = -439 - -478. What is the highest common factor of p and 39?
39
Suppose 2*t - 75 = t. Suppose 0*o = -5*o + 125. Suppose 2*m + 0*m - 148 = -5*k, k - o = -5*m. Calculate the highest common factor of k and t.
15
Let b(m) = -4*m - 3. Let u be b(-6). Let x(l) = 6*l**2 - 6*l - 12. Let a be x(-5). What is the highest common divisor of u and a?
21
Let v(o) = -o**3 - 3*o**2 + 4*o + 22. Let y be v(-4). Let c be (22/(-5))/((-1)/5). Let i be (3/(-2))/((-1)/c). Calc